2*g + 6 = 3*g. Suppose 2*k + k + i = -19, 2*k - i + g = 0. Let y = -3 - k. Give d(y).
4
Suppose v + 2*v = 15. Let c(j) = 2*j - 3. Determine c(v).
7
Let w(s) = 3*s - 2*s + 2*s - s + 6. Calculate w(5).
16
Let c be 4/(-3)*(-3)/2. Let z(g) = -5*g - 3 + g**c - 2*g**2 - 2. What is z(-4)?
-1
Let m(k) = 4*k + k - k - 3*k + 4. What is m(-5)?
-1
Let x(j) be the third derivative of -j**9/30240 - j**5/12 - j**2. Let l(r) be the third derivative of x(r). Calculate l(1).
-2
Let m(x) be the third derivative of -x**6/120 + x**4/24 - x**3/3 - 29*x**2. Suppose o + 3*o = 0. What is m(o)?
-2
Let b(g) = -g**3 + 7*g**2 - 4*g - 6. Let h be b(6). Let l(y) = -h*y**2 - 3*y + 3 - 5*y + 5*y**2 + 4*y. Give l(-5).
-2
Let y(l) be the second derivative of -l**4/6 - l**3 - 2*l**2 + 2*l. Suppose 3*p = -p - 16. Calculate y(p).
-12
Let y(t) be the first derivative of t**4/4 + 4*t**3/3 + t**2 - t - 28. Suppose -3*q = -6*q - 12. Calculate y(q).
-9
Let o(f) = 7*f**3 - 3*f**2 + 4*f - 3. Let c(d) = -11*d**3 + 4*d**2 - 6*d + 4. Let x(p) = p**2 + 2*p - 7. Let a be x(-5). Let n(y) = a*o(y) + 5*c(y). Give n(4).
4
Let z(x) = x**2 - 7*x + 6. Let a(v) = v**2 - 2*v - 1. Let q be a(4). Let w = q - 3. What is z(w)?
-6
Let f(a) = a + 5. Let k(v) = v - 14. Let y(w) = w**3 + 6*w**2 + 6*w + 2. Let l(n) = n**2 + 6*n + 4. Let m be l(-4). Let h be y(m). Let g be k(h). Give f(g).
1
Let g(d) be the second derivative of d**5/5 + 37*d. What is g(-1)?
-4
Suppose -4*g - 4*k = 5 - 49, 3*g - 4*k + 2 = 0. Let i(u) = 3*u + 7. Let d(a) = 10*a + 22. Let l(v) = -2*d(v) + 7*i(v). Give l(g).
11
Let k(u) = -3*u**2 - 2*u. Let s(w) be the third derivative of -w**5/30 - w**4/24 - 3*w**2. Let q(z) = -3*k(z) + 5*s(z). What is q(3)?
-6
Let g be (-6)/4*4/3. Let z(b) be the third derivative of 1/3*b**3 + 2*b**2 - 1/30*b**5 + 0 + 0*b**4 + 0*b. Calculate z(g).
-6
Let s = -1 + 3. Let g(t) = -t + 1. Let c(u) = -u + 2. Let k(q) = -c(q) + 5*g(q). Calculate k(s).
-5
Let k(v) = v**2 - 5*v - 10. Let d be k(7). Suppose 0 = d*i - i + 12. Let m(f) = -2*f. Calculate m(i).
8
Let n(q) be the second derivative of -q**7/840 - q**6/72 + q**5/20 - q**4/6 - 4*q**3/3 + 4*q. Let w(r) be the second derivative of n(r). Calculate w(-6).
-4
Let q(l) = -l**3 + 4*l**2 + 2*l - 1. Suppose 3*b - 10 = 2*j - j, 2*j + 4 = -2*b. Determine q(b).
11
Let w = 2 - 0. Let f be w - 5/((-15)/6). Suppose -2*o = -f - 4. Let a(s) = s**3 - 4*s**2 - s - 2. Calculate a(o).
-6
Let i = 15 - 10. Let j = 0 + i. Let l(y) = -y**2 + 6*y. Determine l(j).
5
Let u(o) = -o**2 - 3*o - 2. Let z = 168 + -171. Determine u(z).
-2
Suppose w + 15 = 6*w, 2*w - 9 = -3*x. Let g(y) = 10*y**2 + 1. Determine g(x).
11
Let i(r) be the second derivative of r**5/60 - r**4/8 - r**3/2 + r**2/2 - r. Let p(w) be the first derivative of i(w). Calculate p(-2).
7
Let i(g) = 5*g - 1. Let k(j) = -5*j + 1. Let r(n) = -5*i(n) - 4*k(n). Determine r(4).
-19
Let p(h) be the second derivative of -h**3/6 - h**2/2 + h. Suppose -3*r = 9 - 0. Let w be p(r). Let c(l) = l**2 + l - 2. Give c(w).
4
Suppose -2*y + 3*a + 21 + 13 = 0, -2*a + 36 = 4*y. Let w be 2/y + (-2)/11. Let t(h) = h**2 + h - 9. Give t(w).
-9
Let o be 0/(-1)*(-1 - 0). Let l(g) be the second derivative of -g**4/12 + g**3/6 - 3*g**2/2 - 69*g. Calculate l(o).
-3
Let f(n) = -n**3 - 7*n**2 - 8*n - 5. Let o be -6*(-3)/(-6) + 6. Suppose -c + 2 + o = 0. Suppose 3*z - c*i + 1 = -2, -21 = 2*z + 3*i. What is f(z)?
7
Let w(d) = d**2 - 8*d + 3. Let u be w(7). Let z(i) be the first derivative of -i**2 - 3*i - 9. Give z(u).
5
Let b = 14 - 18. Let c(j) = -j**2 - 7*j - 3. Calculate c(b).
9
Let r(g) = g**2 + 10*g - 11. Let k be r(-11). Suppose k*j - 20 = -5*j. Let w(v) = 2*v**2 - 6*v + 1. Give w(j).
9
Let g(x) = -x**2 + 0*x - 2*x + 2 + 5*x + 2*x. Give g(5).
2
Let o(q) = 11*q + 6. Let i(n) = 24*n + 13. Let j(s) = -6*i(s) + 13*o(s). Let k be (-4)/14 + (-47)/7. What is j(k)?
7
Suppose 15 = 5*u - k, -4*k - 12 - 14 = -3*u. Let d(w) = 2*w - 4*w**u - 2*w**2 + 0 + 8 + 0*w**2 - w**3. Calculate d(-6).
-4
Let v(l) be the first derivative of -5*l**2 + 2*l + 49. Determine v(2).
-18
Let q(t) = -4*t + 10*t - 1 + 2 - 2. Give q(-2).
-13
Let y(i) = -3*i - i**3 + 7*i + 5*i + 17*i**2 - 5 - 23*i**2. Determine y(-7).
-19
Let w(q) = q**2 - 3*q - 4. Let c be 1 + (-1 + -2)/(-1). Calculate w(c).
0
Let w(k) = -k**2 - 5*k - 2. Let t = 8 + -21. Let d = -10 - -18. Let c = d + t. Determine w(c).
-2
Let w(c) = -2*c. Let v(a) be the first derivative of 3*a**2/2 + a - 5. Let q(r) = 3*v(r) + 4*w(r). Calculate q(6).
9
Let m(i) be the second derivative of -7*i**3/6 - i**2/2 + i. Let u(a) = -6*a - 1. Let p(g) = -5*m(g) + 6*u(g). Calculate p(-5).
4
Let z(s) = -3 + s + 0 + s**3 - 3 + 0. What is z(0)?
-6
Let i(t) = -t**3 + 5*t**2 + 6. Suppose 5*s = -0*s + 155. Let z = s - 26. Give i(z).
6
Let q(j) = 4*j + 3. Let h(s) = 2 + 2*s + 3*s - 2*s. Let b(z) = -5*h(z) + 4*q(z). Calculate b(6).
8
Let x(a) = 2*a**2 - 2*a - 1. Let q(z) = 3*z**2 - z - 2. Let d be ((-6)/4)/((-5)/(-10)). Let l(o) = d*q(o) + 4*x(o). Determine l(-5).
2
Let m(b) be the second derivative of -b**3/6 - b**2/2 - 17*b. Let q(t) = -2 - 2 - 7*t - 6. Let a(v) = 6*m(v) - q(v). Determine a(-5).
-1
Let k(n) be the first derivative of 2*n**2 + n - 45. Determine k(-2).
-7
Let g(y) = y. Suppose 5*p - 4*p + d = 4, 5*p + 20 = 5*d. Suppose -5*r + 4*n + 20 = -p*r, -3*r = -2*n - 10. What is g(r)?
0
Let c = 42 + -42. Let q(x) = -x + 5. Give q(c).
5
Let k(v) be the first derivative of v**6/12 + v**5/60 - v**3/6 + 3*v**2/2 - 3. Let u(r) be the second derivative of k(r). Calculate u(-1).
-10
Let t(y) = -5*y**2 - 23*y + 20. Let o(r) = r**3 + 4*r**2 - 7*r - 7. Let s be o(-5). Let n(u) = 2*u**2 + 8*u - 7. Let v(w) = s*t(w) + 8*n(w). Determine v(4).
0
Let a(d) = d**3 + 4*d**2 + d + 2. Let i(j) = 11*j**2 + 1. Let c be i(1). Let k = -18 + c. Let g be (3/1)/(k/8). Determine a(g).
-2
Let g(h) = 7*h - 6. Let n(m) = 15*m - 13. Let s(w) = 13*g(w) - 6*n(w). Give s(1).
1
Let p(f) = -f**3 + 4*f**2 + 2*f - 1. Let h be p(4). Let s(j) = j**2 - 9*j + 7. Determine s(h).
-7
Suppose 2*q = -3*q - 15. Suppose 6*n + 16 = 10*n. Let s(g) = 0*g**2 + g**3 + 1 + 2*g**2 + 3*g**2 + n*g. What is s(q)?
7
Let v(m) = 6*m - 2 + 3*m - m - 6*m - m**2. Give v(2).
-2
Suppose -15 = 2*k + 1. Let r = k - -4. Let w(d) = -d + 1. Let t(u) = -8*u + 2. Let l(j) = t(j) - 6*w(j). Give l(r).
4
Let q(l) = -l + 7. Let n = -2 - -4. Let o be 1 + (n + -1 - -3). Give q(o).
2
Let m(j) = 3*j + 12. Let s = -176 + 167. Give m(s).
-15
Let c(a) be the first derivative of a**4/4 - 2*a**3/3 - 3*a**2/2 + 3*a - 65. Determine c(2).
-3
Let b = -12 + 6. Let j = b + 12. Let l be -1*-10*(-3)/j. Let n(t) = t**3 + 4*t**2 - 6*t + 1. Calculate n(l).
6
Let x(s) be the first derivative of 4*s**2 - 1. Suppose -5*h - 13 = -5*z + 12, 4*z = 5*h + 21. Determine x(h).
-8
Let t(w) = 2*w**2 - 1 + 3*w + 2*w**2 - w**3 + 0 - 6*w**2. Suppose -m = 4*x, -x - 2*m = 3*x. Suppose x = -s - 3. Determine t(s).
-1
Suppose 3*w - 2*g - 26 = 0, 0*w + 4*g - 4 = -w. Suppose -6*m + m + y - w = 0, 5*y + 6 = 2*m. Let c(h) = 2*h - 1. What is c(m)?
-5
Let a(q) = q**3 + 6*q**2 + 2*q + 2. Let n be a(-5). Suppose n*j = 12*j - 15. Let w(s) = s**3 + 3*s**2 + 3*s + 4. Determine w(j).
-5
Let p(j) = -2*j + 5*j**2 + 0*j - 4*j**2 + 7 + 9*j. Determine p(-5).
-3
Suppose -2*m - 4*v = 8, -2*m + 2*v = -6*m - 4. Let f(k) = -k - 3*k**2 + 4*k**2 - 2 + k**3 - 2*k**3. What is f(m)?
-2
Let g(m) = 4*m**2 - 4*m + 2. Let n be g(2). Let q be n*(13/5 + -2). Let x(b) = -2*b - 2*b - b - 1 + q*b. Give x(2).
1
Let k(w) = -5*w**2 - w + 1. Let x = 4 - 2. Suppose x*b - 5*g - 11 = 11, 3*b - 3*g - 15 = 0. Give k(b).
-5
Let w(i) = -i + 1. Let g(m) = m**3 + 6*m**2 - 4*m + 23. Let v be g(-7). Calculate w(v).
-1
Let c(j) = j + 8*j**2 - 2*j**3 + j**3 + 4 - 6*j**2. What is c(3)?
-2
Suppose 6*i = 3*i - 6, 3 = j + 2*i. Let c(h) = -4 + h**2 + 6*h - j*h - 4*h. Determine c(3).
-10
Suppose -3*i = -8*t + 3*t - 10, 0 = -2*i - 4*t - 8. Let f(w) = i*w - 6 - 3*w**2 + 1 - 4*w + 2*w**2. Suppose 0 = -3*p - 0*p - 15. Calculate f(p).
-10
Let f(b) = -b**3 - 3*b**2 + 3*b - 1. Let q be f(-4). Let s be 4/(-12) - (-19)/q. Let n(u) = -u**2 + 6*u - 5. What is n(s)?
-5
Let v(m) = -m**3 + 9*m**2 + 5*m - 10. Let o(s) = -3*s**3 + 26*s**2 + 14*s - 29. Let l(w) = -4*o(w) + 11*v(w). Give l(5).
1
Let t(i) = -4*i + 1. Let s be t(-1). Let x(o) 